se 9) to base 3
121
2 (base 11) to base 12
2
Convert 7 (base 15) to base 8.
7
What is -2341 (base 5) in base 9?
-424
101 (base 3) to base 16
a
1a (base 16) to base 13
20
Convert 1 (base 14) to base 3.
1
Convert 100111 (base 3) to base 8.
400
What is -5 (base 9) in base 4?
-11
11 (base 10) to base 4
23
What is -112 (base 3) in base 7?
-20
What is 0 (base 2) in base 14?
0
1 (base 7) to base 9
1
Convert -12 (base 7) to base 3.
-100
What is 10211 (base 3) in base 2?
1100111
What is -69 (base 12) in base 11?
-74
-3 (base 7) to base 2
-11
Convert -5 (base 11) to base 3.
-12
Convert -1110 (base 2) to base 12.
-12
What is -3 (base 10) in base 13?
-3
Convert -10 (base 5) to base 2.
-101
Convert -60 (base 10) to base 4.
-330
What is -5 (base 9) in base 14?
-5
Convert 11 (base 8) to base 16.
9
-51 (base 6) to base 16
-1f
What is -34 (base 13) in base 6?
-111
What is -19 (base 10) in base 5?
-34
Convert -3 (base 5) to base 16.
-3
What is -3 (base 4) in base 10?
-3
-2 (base 15) to base 10
-2
What is 4 (base 10) in base 9?
4
What is 4 (base 7) in base 11?
4
-5 (base 15) to base 8
-5
0 (base 16) to base 8
0
Convert 106 (base 11) to base 5.
1002
Convert -10011000 (base 2) to base 7.
-305
20 (base 6) to base 13
c
-110 (base 2) to base 5
-11
What is -3 (base 9) in base 4?
-3
5 (base 14) to base 12
5
Convert 5 (base 6) to base 16.
5
What is 15 (base 6) in base 13?
b
Convert -22 (base 9) to base 8.
-24
Convert -11 (base 2) to base 11.
-3
What is -21 (base 16) in base 3?
-1020
Convert -1 (base 9) to base 11.
-1
Convert -15 (base 6) to base 2.
-1011
Convert -29 (base 11) to base 7.
-43
207 (base 8) to base 9
160
What is -10 (base 2) in base 5?
-2
What is -30 (base 9) in base 14?
-1d
What is -11 (base 8) in base 5?
-14
60 (base 14) to base 5
314
-75 (base 9) to base 7
-125
Convert -1 (base 16) to base 7.
-1
Convert 1101000 (base 2) to base 15.
6e
Convert 0 (base 11) to base 9.
0
3 (base 8) to base 11
3
Convert 100 (base 4) to base 9.
17
Convert -34 (base 16) to base 9.
-57
-53 (base 7) to base 14
-2a
3 (base 11) to base 10
3
-2 (base 15) to base 8
-2
5 (base 8) to base 7
5
What is -2 (base 8) in base 9?
-2
Convert -66 (base 11) to base 12.
-60
What is 33 (base 6) in base 2?
10101
Convert 2 (base 6) to base 7.
2
4 (base 11) to base 7
4
What is 54 (base 10) in base 4?
312
Convert 4 (base 5) to base 9.
4
What is -10 (base 7) in base 10?
-7
Convert 3 (base 5) to base 8.
3
What is 8 (base 12) in base 10?
8
What is -112 (base 7) in base 5?
-213
What is -101 (base 2) in base 7?
-5
What is 13 (base 13) in base 10?
16
Convert -126 (base 12) to base 9.
-213
14 (base 14) to base 3
200
Convert -21 (base 3) to base 11.
-7
What is 1 (base 7) in base 9?
1
Convert 110 (base 4) to base 5.
40
0 (base 8) to base 4
0
Convert 8 (base 9) to base 10.
8
32 (base 6) to base 12
18
What is 10001 (base 3) in base 7?
145
What is 13 (base 5) in base 8?
10
0 (base 12) to base 3
0
What is -91 (base 16) in base 11?
-122
What is 1212 (base 3) in base 2?
110010
Convert 1 (base 2) to base 7.
1
121 (base 12) to base 7
331
Convert -1 (base 3) to base 15.
-1
Convert 101 (base 2) to base 12.
5
Convert -21 (base 15) to base 9.
-34
-6 (base 8) to base 13
-6
Convert 35 (base 6) to base 4.
113
2 (base 15) to base 2
10
Convert 11 (base 9) to base 5.
20
What is -2 (base 13) in base 15?
-2
-47 (base 9) to base 4
-223
Convert -256 (base 8) to base 5.
-1144
-be (base 15) to base 2
-10110011
-2012 (base 3) to base 5
-214
Convert 37 (base 11) to base 4.
220
-76 (base 8) to base 9
-68
-20 (base 4) to base 12
-8
What is -16 (base 12) in base 11?
-17
Convert 1c (base 13) to base 15.
1a
What is 3 (base 13) in base 5?
3
Convert -100122 (base 3) to base 9.
-318
What is 113 (base 5) in base 16?
21
Convert -36 (base 7) to base 15.
-1c
What is -1244 (base 5) in base 8?
-307
What is -2 (base 9) in base 2?
-10
Convert -110 (base 4) to base 14.
-16
Convert 3 (base 7) to base 6.
3
What is -10001001 (base 2) in base 11?
-115
35 (base 11) to base 14
2a
-320 (base 4) to base 10
-56
3 (base 16) to base 5
3
-26 (base 8) to base 14
-18
What is -3 (base 11) in base 15?
-3
Convert -22 (base 10) to base 16.
-16
-2200 (base 4) to base 14
-b6
Convert -45 (base 9) to base 4.
-221
-10 (base 5) to base 14
-5
Convert -103 (base 6) to base 5.
-124
-3 (base 7) to base 5
-3
Convert b (base 12) to base 2.
1011
-258 (base 9) to base 3
-21222
What is 10 (base 4) in base 11?
4
15 (base 8) to base 2
1101
What is -4 (base 6) in base 16?
-4
What is 5 (base 10) in base 13?
5
What is -59 (base 14) in base 11?
-72
Convert -c (base 13) to base 15.
-c
101 (base 5) to base 9
28
What is -100 (base 9) in base 12?
-69
3 (base 10) to base 7
3
10 (base 3) to base 13
3
Convert -14 (base 12) to base 13.
-13
What is -18 (base 13) in base 7?
-30
What is -3 (base 9) in base 14?
-3
1 (base 2) to base 6
1
Convert -1111 (base 2) to base 14.
-11
Convert 60 (base 9) to base 7.
105
-424 (base 5) to base 10
-114
-16 (base 8) to base 5
-24
Convert -8 (base 15) to base 3.
-22
What is 413 (base 8) in base 4?
10023
0 (base 11) to base 12
0
Convert 110110010 (base 2) to base 16.
1b2
Convert 47 (base 8) to base 10.
39
Convert 1 (base 12) to base 6.
1
2 (base 10) to base 6
2
0 (base 12) to base 4
0
Convert -11000111 (base 2) to base 8.
-307
-139 (base 11) to base 14
-b9
-332 (base 5) to base 4
-1130
-2 (base 6) to base 3
-2
-17 (base 11) to base 5
-33
Convert 102 (base 4) to base 2.
10010
140 (base 5) to base 3
1200
Convert 9 (base 12) to base 3.
100
What is 2 (base 7) in base 15?
2
Convert -7 (base 13) to base 7.
-10
Convert -4 (base 15) to base 16.
-4
Convert 333 (base 4) to base 11.
58
Convert 0 (base 12) to base 9.
0
-2 (base 5) to base 14
-2
-5 (base 13) to base 16
-5
What is -67 (base 10) in base 15?
-47
What is 65 (base 8) in base 5?
203
2 (base 10) to base 13
2
What is 10 (base 3) in base 16?
3
32 (base 9) to base 14
21
Convert 24 (base 9) to base 14.
18
52 (base 10) to base 6
124
-2 (base 13) to base 14
-2
Convert 40 (base 9) to base 13.
2a
What is 2 (base 11) in base 12?
2
Convert 3 (base 4) to base 10.
3
-a (base 16) to base 5
-20
What is 424 (base 5) in base 7?
222
What is -434 (base 7) in base 6?
-1005
What is 72 (base 11) in base 5?
304
Convert 111 (base 2) to base 8.
7
Convert 102 (base 4) to base 6.
30
100111 (base 3) to base 13
169
-116 (base 10) to base 2
-1110100
8 (base 11) to base 10
8
Convert -10 (base 12) to base 10.
-12
-131 (base 4) to base 5
-104
Convert -105 (base 6) to base 4.
-221
Convert -1 (base 8) to base 16.
-1
What is 1 (base 5) in base 13?
1
3 (base 5) to base 16
3
-9 (base 13) to base 4
-21
What is 13 (base 8) in base 14?
b
-3 (base 8) to base 15
-3
Convert -1403 (base 5) to base 12.
-170
Convert 100 (base 2) to base 10.
4
What is 4 (base 15) in base 9?
4
-11 (base 3) to base 13
-4
Convert 130 (base 8) to base 2.
1011000
What is 22 (base 14) in base 5?
110
-29 (base 16) to base 5
-131
454 (base 6) to base 2
10110010
3 (base 14) to base 16
3
What is 0 (base 8) in base 9?
0
3 (base 10) to base 4
3
Convert -13 (base 14) to base 15.
-12
What is 211 (base 3) in base 5?
42
Convert -111 (base 15) to base 14.
-133
9 (base 16) to base 8
11
What is -141 (base 8) in base 11?
-89
1 (base 8) to base 6
1
What is 2a (base 12) in base 2?
100010
What is -3 (base 7) in base 16?
-3
What is -19 (base 16) in base 14?
-1b
What is 3 (base 4) in base 7?
3
Convert -3 (base 15) to base 3.
-10
Convert 1 (base 16) to base 12.
1
-16 (base 8) to base 14
-10
Convert -5 (base 12) to base 9.
-5
Convert -5 (base 9) to base 3.
-12
What is 54 (base 13) in base 3?
2120
12 (base 9) to base 5
21
-1110 (base 2) to base 9
-15
Convert 7 (base 12) to base 8.
7
Convert 0 (base 9) to base 10.
0
Convert 1004 (base 6) to base 8.
334
What is 11 (base 7) in base 15?
8
Convert -34 (base 5) to base 15.
-14
What is 111 (base 2) in base 9?
7
-b (base 14) to base 6
-15
What is -4 (base 12) in base 7?
-4
201 (base 3) to base 6
31
-e (base 16) to base 9
-15
What is -6 (base 9) in base 6?
-10
What is -2 (base 6) in base 4?
-2
What is 111 (base 2) in base 7?
10
What is 4 (base 8) in base 4?
10
Convert 2 (base 14) to base 2.
10
Convert 0 (base 9) to base 2.
0
Convert 33 (base 10) to base 16.
21
2 (base 16) to base 15
2
Convert c (base 13) to base 14.
c
What is 12 (base 11) in base 5?
23
Convert -6 (b